ommon factor of 28885 and 371?
53
Calculate the greatest common factor of 26824 and 168.
56
What is the greatest common factor of 3598 and 6425?
257
Calculate the highest common factor of 262215 and 135.
45
Calculate the greatest common divisor of 16688 and 112.
112
Calculate the greatest common divisor of 52816 and 656.
16
Calculate the greatest common divisor of 170 and 1028585.
85
Calculate the greatest common divisor of 860054 and 494.
494
Calculate the greatest common factor of 1030943 and 664.
83
What is the greatest common factor of 313259 and 544?
17
What is the greatest common factor of 580 and 5597?
29
Calculate the highest common factor of 260 and 33436.
52
Calculate the highest common factor of 341968 and 29.
29
Calculate the greatest common divisor of 15165 and 873.
9
What is the greatest common factor of 142534 and 28?
14
Calculate the greatest common factor of 1 and 1832.
1
Calculate the highest common divisor of 16386 and 36.
6
What is the greatest common divisor of 2626 and 4343?
101
What is the highest common factor of 3030 and 53328?
606
Calculate the highest common divisor of 3808 and 68.
68
Calculate the highest common factor of 92128 and 608.
32
Calculate the highest common divisor of 62358 and 570.
114
Calculate the highest common factor of 21079 and 20291.
197
What is the greatest common divisor of 37141 and 117?
13
What is the highest common divisor of 4939674 and 618?
618
Calculate the highest common factor of 302915 and 2585.
235
What is the highest common factor of 2196 and 352092?
732
Calculate the highest common factor of 994937 and 367.
367
What is the highest common factor of 1656 and 17940?
276
Calculate the greatest common factor of 2695212 and 468.
468
Calculate the highest common divisor of 102 and 415293.
51
What is the highest common divisor of 3380 and 1000?
20
Calculate the highest common factor of 1152 and 63.
9
Calculate the highest common factor of 46764 and 216.
108
What is the highest common divisor of 3 and 82617?
3
What is the highest common factor of 2595 and 135?
15
What is the greatest common divisor of 1284 and 68?
4
What is the highest common divisor of 1344 and 126686?
14
Calculate the greatest common divisor of 136 and 553792.
136
Calculate the highest common factor of 528 and 1397.
11
Calculate the greatest common factor of 168 and 103908.
84
What is the highest common divisor of 9802 and 203?
29
What is the highest common divisor of 284266 and 178?
178
What is the highest common factor of 4 and 3990?
2
Calculate the highest common factor of 42 and 2171022.
42
Calculate the highest common divisor of 220 and 288255.
55
What is the highest common divisor of 522 and 77082?
174
Calculate the highest common divisor of 49265 and 1336.
167
What is the greatest common factor of 242 and 149512?
22
What is the highest common divisor of 46553 and 65?
13
What is the highest common factor of 307 and 1061?
1
What is the highest common factor of 150807 and 1581?
51
Calculate the greatest common divisor of 51915 and 15.
15
Calculate the highest common divisor of 80 and 10200.
40
What is the greatest common divisor of 64011 and 57?
57
Calculate the highest common divisor of 33759 and 55.
11
What is the greatest common divisor of 3914145 and 45?
45
Calculate the highest common divisor of 10 and 4306.
2
What is the greatest common divisor of 26988 and 28860?
156
What is the greatest common divisor of 180 and 812304?
36
What is the highest common divisor of 40186 and 1917?
71
Calculate the highest common divisor of 26869 and 7479.
277
What is the greatest common factor of 162 and 1206738?
162
Calculate the greatest common divisor of 3 and 20211.
3
What is the greatest common divisor of 11568 and 240?
48
What is the highest common divisor of 18543 and 112?
7
Calculate the greatest common divisor of 1847295 and 135.
45
What is the greatest common factor of 9 and 229248?
9
Calculate the highest common divisor of 289728 and 30528.
576
What is the greatest common divisor of 19 and 737257?
19
Calculate the highest common factor of 1542 and 24.
6
What is the greatest common factor of 740 and 43420?
20
What is the highest common divisor of 40 and 5992?
8
Calculate the highest common divisor of 439943 and 17.
17
Calculate the greatest common divisor of 149418 and 270.
54
What is the highest common divisor of 136699 and 5517?
613
Calculate the highest common divisor of 30694 and 17135.
149
Calculate the greatest common divisor of 6811 and 6958.
49
What is the highest common divisor of 702662 and 1636?
818
What is the highest common divisor of 3596 and 87?
29
What is the highest common divisor of 12077 and 4433?
13
Calculate the highest common divisor of 12735641 and 61.
61
Calculate the highest common factor of 7832 and 801.
89
Calculate the greatest common divisor of 288 and 1152180.
36
Calculate the highest common divisor of 338349 and 33.
33
Calculate the greatest common divisor of 3 and 4553.
1
What is the highest common divisor of 476 and 34714?
34
What is the highest common factor of 11059966 and 74?
74
Calculate the highest common factor of 18663 and 15.
3
What is the greatest common divisor of 18828 and 288?
36
Calculate the highest common divisor of 512345 and 25.
5
Calculate the greatest common divisor of 1462 and 559.
43
What is the greatest common divisor of 349 and 53?
1
What is the highest common divisor of 85650 and 60?
30
What is the greatest common factor of 1260 and 100?
20
Calculate the greatest common factor of 13199 and 603.
67
What is the greatest common factor of 1096092 and 34?
34
Calculate the highest common divisor of 3 and 71733.
3
What is the greatest common divisor of 2189 and 2200?
11
What is the highest common divisor of 122728 and 174?
58
What is the highest common factor of 100 and 73520?
20
What is the highest common divisor of 5320 and 2090?
190
What is the highest common divisor of 62 and 118?
2
Calculate the highest common factor of 1388443 and 14.
7
Calculate the greatest common divisor of 543885 and 14001.
1077
Calculate the highest common factor of 70787 and 142.
71
What is the greatest common divisor of 8 and 199616?
8
What is the highest common divisor of 7708 and 18659?
47
What is the highest common factor of 1339 and 8072831?
1339
Calculate the highest common factor of 45 and 15135.
15
What is the greatest common divisor of 13884 and 107868?
1068
What is the greatest common divisor of 395 and 1343?
79
What is the greatest common factor of 20340 and 390?
30
What is the greatest common divisor of 62 and 89094?
62
What is the highest common factor of 198 and 813?
3
Calculate the greatest common factor of 440254 and 78930.
1754
What is the greatest common divisor of 36 and 47853?
9
Calculate the highest common divisor of 29975 and 1225.
25
Calculate the greatest common factor of 340656 and 12.
12
Calculate the greatest common divisor of 756 and 99252.
108
Calculate the highest common factor of 48 and 6774.
6
Calculate the greatest common factor of 336 and 3.
3
What is the greatest common divisor of 303460 and 60?
20
What is the greatest common divisor of 3542 and 70?
14
Calculate the greatest common divisor of 15 and 1020150.
15
Calculate the greatest common factor of 1098 and 20071440.
1098
Calculate the highest common divisor of 256 and 524288.
256
What is the highest common divisor of 187 and 84689?
11
Calculate the greatest common factor of 99755 and 5.
5
What is the greatest common divisor of 9837 and 11?
1
Calculate the highest common divisor of 4848 and 208.
16
Calculate the greatest common factor of 86765 and 2072.
259
What is the highest common divisor of 676 and 78247?
169
What is the greatest common divisor of 46809 and 651?
21
What is the highest common divisor of 9488 and 272?
16
What is the greatest common divisor of 848039 and 139?
139
Calculate the greatest common factor of 178713 and 1728.
27
What is the highest common divisor of 570105 and 3075?
615
Calculate the greatest common factor of 915560 and 3290.
470
Calculate the greatest common divisor of 238 and 26146.
34
What is the highest common factor of 2684 and 3599?
61
Calculate the highest common factor of 78752 and 3680.
736
Calculate the greatest common factor of 1811248 and 544.
272
What is the greate